ase 12) to base 11
-89
-12159 (base 10) to base 2
-10111101111111
What is -10323 (base 11) in base 3?
-202121122
What is -11121 (base 7) in base 11?
-2123
Convert 581 (base 16) to base 13.
845
What is 3134 (base 5) in base 15?
1ce
4262 (base 9) to base 5
100014
What is -19b1 (base 14) in base 6?
-33331
-13201 (base 4) to base 6
-2121
Convert -b50 (base 12) to base 5.
-23034
-1312 (base 7) to base 16
-1f3
What is -131 (base 4) in base 3?
-1002
63 (base 11) to base 16
45
Convert -421 (base 9) to base 16.
-157
202111 (base 6) to base 7
64504
Convert 8510 (base 11) to base 2.
10110000000000
Convert 42204 (base 6) to base 5.
140232
Convert 11000200 (base 4) to base 6.
234544
620 (base 11) to base 10
748
-4985 (base 13) to base 14
-3b22
-60c (base 16) to base 15
-6d3
-302652 (base 7) to base 15
-10393
Convert 102220 (base 3) to base 12.
229
What is -640 (base 10) in base 6?
-2544
What is -15c (base 13) in base 10?
-246
3db (base 15) to base 3
1012122
-537 (base 14) to base 4
-100011
Convert -10555 (base 11) to base 4.
-3233022
What is 2102201110 (base 3) in base 12?
23886
-111010 (base 2) to base 16
-3a
10001010011010 (base 2) to base 8
21232
Convert -22176 (base 9) to base 6.
-152110
1210101 (base 3) to base 6
10014
Convert 11011000 (base 2) to base 14.
116
Convert -1231 (base 5) to base 3.
-21002
Convert 2011 (base 8) to base 12.
721
What is -65c0 (base 13) in base 6?
-145355
What is 120210 (base 4) in base 5?
22242
Convert -1131 (base 5) to base 2.
-10100110
What is -a99 (base 16) in base 5?
-41323
Convert -15 (base 7) to base 16.
-c
What is 1111112 (base 3) in base 10?
1094
Convert -42a2 (base 11) to base 7.
-22361
Convert 1001101001 (base 3) to base 10.
20683
What is 16606 (base 7) in base 5?
123014
What is 10100110101 (base 2) in base 10?
1333
Convert 1032432 (base 6) to base 13.
1a37b
What is -1011000 (base 2) in base 8?
-130
Convert -21b9 (base 13) to base 11.
-35a7
Convert 413321 (base 5) to base 4.
3110102
Convert 131 (base 16) to base 3.
102022
What is -3777 (base 13) in base 12?
-4680
What is 290 (base 10) in base 11?
244
Convert 91e (base 15) to base 16.
806
What is -421 (base 16) in base 13?
-634
127 (base 9) to base 10
106
Convert 260 (base 12) to base 16.
168
Convert -ba (base 14) to base 6.
-432
40 (base 15) to base 16
3c
Convert 29f9 (base 16) to base 4.
2213321
What is -1202121011 (base 3) in base 5?
-2102244
Convert 2402 (base 8) to base 6.
5534
Convert 643 (base 10) to base 13.
3a6
What is 24003 (base 5) in base 6?
12041
Convert 18b2 (base 13) to base 16.
e6e
Convert 1551 (base 7) to base 10.
624
-68d7 (base 15) to base 6
-251004
What is 11110010 (base 2) in base 7?
464
Convert 2212001 (base 3) to base 4.
200200
What is -13b8 (base 15) in base 16?
-107f
What is -286 (base 9) in base 5?
-1430
200211011 (base 3) to base 4
3112120
Convert -10022100 (base 3) to base 16.
-96c
What is -48 (base 15) in base 8?
-104
What is 201221 (base 5) in base 6?
45444
-5b (base 15) to base 5
-321
1365 (base 8) to base 16
2f5
Convert 1958 (base 10) to base 13.
b78
Convert 1008 (base 9) to base 5.
10422
Convert -243 (base 11) to base 13.
-193
1a41 (base 16) to base 4
1221001
Convert -21141 (base 5) to base 4.
-112031
What is 16320 (base 7) in base 5?
121440
Convert 8fbe (base 16) to base 8.
107676
Convert -244b (base 13) to base 4.
-1100031
-2987 (base 12) to base 2
-1001011110111
Convert 2231300 (base 5) to base 8.
115227
Convert -146421 (base 7) to base 5.
-1404210
2a48 (base 13) to base 15
1c49
What is -103432 (base 7) in base 16?
-4687
Convert 8c (base 14) to base 11.
103
-47b3 (base 12) to base 6
-101143
-386 (base 16) to base 15
-402
-104073 (base 8) to base 10
-34875
1214 (base 9) to base 12
634
What is -10202 (base 5) in base 13?
-401
What is -2100212 (base 3) in base 15?
-79e
-315 (base 16) to base 15
-379
Convert 38d7 (base 15) to base 16.
2f5f
What is 8bcb (base 16) in base 11?
24984
What is 10011 (base 6) in base 10?
1303
What is -1420342 (base 5) in base 9?
-44376
What is -2111 (base 16) in base 8?
-20421
What is -1884b (base 12) in base 5?
-2121041
What is -726 (base 10) in base 7?
-2055
What is 135b (base 16) in base 7?
20306
What is 1524 (base 8) in base 11?
705
Convert b6cc (base 14) to base 3.
1121021011
3245 (base 12) to base 16
1595
1100011101010011 (base 2) to base 7
301524
Convert 13608 (base 9) to base 2.
10010000011010
What is 1213132 (base 4) in base 8?
14736
What is 111120 (base 4) in base 10?
1368
-31223222 (base 4) to base 6
-1111242
3102 (base 4) to base 2
11010010
What is 23 (base 8) in base 13?
16
What is 6573 (base 8) in base 5?
102301
What is -845 (base 11) in base 3?
-1101200
Convert 11020 (base 3) to base 14.
82
Convert 100101010 (base 2) to base 15.
14d
Convert -20202222 (base 3) to base 13.
-2330
Convert d6a (base 14) to base 10.
2642
Convert -37 (base 12) to base 4.
-223
31411 (base 5) to base 11
1645
What is 23311 (base 5) in base 9?
2305
105101 (base 6) to base 7
34633
Convert -2313 (base 7) to base 12.
-5a3
What is -1407 (base 9) in base 15?
-4aa
107a0 (base 11) to base 5
444343
-124 (base 7) to base 6
-151
What is -cd90 (base 14) in base 5?
-2114402
Convert -b5 (base 16) to base 2.
-10110101
What is -601 (base 9) in base 7?
-1264
Convert 113 (base 12) to base 3.
12220
Convert 449 (base 12) to base 11.
526
What is 687 (base 9) in base 2?
1000110101
Convert 344 (base 6) to base 15.
91
211031 (base 4) to base 12
1465
Convert -215030 (base 8) to base 7.
-420354
2202021 (base 4) to base 12
6009
What is 2317 (base 9) in base 11?
1321
Convert -2221 (base 5) to base 10.
-311
c816 (base 15) to base 13
16356
Convert 111 (base 6) to base 15.
2d
What is 13360 (base 9) in base 11?
6883
What is 125106 (base 8) in base 9?
65713
What is 111111101000000 (base 2) in base 15?
99bb
Convert -18202 (base 10) to base 12.
-a64a
-c05 (base 13) to base 12
-1215
Convert -3041 (base 5) to base 4.
-12030
Convert -312 (base 11) to base 8.
-570
What is -318 (base 9) in base 12?
-198
-11c0 (base 16) to base 13
-20b7
What is 120323 (base 6) in base 16?
28fb
Convert -2a0 (base 11) to base 6.
-1344
-10203 (base 8) to base 13
-1c02
29c (base 15) to base 9
733
-154 (base 12) to base 7
-415
-7502 (base 9) to base 15
-1975
What is 463 (base 11) in base 9?
674
What is -1111001111000 (base 2) in base 8?
-17170
-8a6 (base 13) to base 7
-4224
Convert 201210122 (base 3) to base 2.
11100001100011
4c2d (base 16) to base 6
230141
Convert 100111101 (base 2) to base 14.
189
Convert -1022312 (base 4) to base 13.
-2246
Convert 266300 (base 7) to base 9.
75805
What is 313201 (base 5) in base 15?
3151
-c57 (base 16) to base 13
-1590
What is -243501 (base 6) in base 15?
-65ca
229 (base 16) to base 15
26d
What is 42a (base 15) in base 14?
4b2
1000111001 (base 2) to base 4
20321
-260033 (base 7) to base 3
-2102220102
10011130 (base 4) to base 9
24851
Convert 1423 (base 11) to base 7.
5236
Convert -10000110011010111 (base 2) to base 12.
-339b3
Convert 211200 (base 3) to base 6.
2500
8873 (base 9) to base 3
22222110
What is -1816 (base 13) in base 9?
-4804
What is -110001101 (base 2) in base 15?
-1b7
What is -148 (base 11) in base 9?
-212
What is 6c5 (base 16) in base 15?
7a8
What is 8092 (base 13) in base 15?
539a
-20002 (base 3) to base 13
-c8
What is -47a (base 16) in base 9?
-1513
What is -35311 (base 6) in base 4?
-1033123
What is -11012 (base 3) in base 6?
-305
-358 (base 10) to base 16
-166
3b7aa (base 12) to base 15
19604
101202 (base 4) to base 16
462
What is 724 (base 10) in base 15?
334
-80b (base 15) to base 14
-935
What is 3110241 (base 5) in base 6?
1030412
Convert -13214 (base 6) to base 10.
-2026
Convert -3310 (base 15) to base 12.
-6313
Convert -45103 (base 6) to base 2.
-1100010011111
-3dd2 (base 16) to base 2
-11110111010010
22874 (base 12) to base 15
da2d
Convert 32b3 (base 16) to base 5.
403404
What is 1a828 (base 13) in base 4?
30223031
267 (base 8) to base 9
223
What is -356 (base 8) in base 4?
-3232
What is 34d (base 14) in base 15?
2dc
Convert 1675 (base 13) to base 2.
110011101011
Convert 23425 (base 8) to base 13.
4728
Convert -20a0 (base 11) to base 5.
-42042
What is -2024 (base 12) in base 16?
-d9c
What is -10358 (base 9) in base 6?
-51425
What is 685 (base 16) in base 9?
2254
What is 4216 (base 13) in base 4?
2032321
Convert 102210